{"id":1857,"date":"2023-02-05T21:44:38","date_gmt":"2023-02-05T20:44:38","guid":{"rendered":"https:\/\/bosquefelino.org\/tienda\/?post_type=product&#038;p=1857"},"modified":"2024-10-29T18:42:04","modified_gmt":"2024-10-29T17:42:04","slug":"mesa-greatest-hits-amarilla","status":"publish","type":"product","link":"https:\/\/bosquefelino.org\/tienda\/?product=mesa-greatest-hits-amarilla","title":{"rendered":"<strong>Mesa Greatest Hits<\/strong> amarilla"},"content":{"rendered":"<p>DISE\u00d1O DIVERTIDO. Su dise\u00f1o dar\u00e1 un toque original a tu casa.<\/p>\n<p>EL REGALO PERFECTO. En forma de disco de vinilo, ideal para los amantes de la m\u00fasica y los LP.<\/p>\n<p>F\u00c1CIL DE MONTAR. Solo requiere enroscar las patas al tablero, no necesitas herramientas.<\/p>\n<p>Medidas: 41 x 40 x 40 cm Material: cristal<\/p>\n","protected":false},"excerpt":{"rendered":"<p>Mesita auxiliar ideal para poner al lado de un sof\u00e1, en un rinc\u00f3n de lectura o como mesita de noche.<\/p>\n<p>&nbsp;<\/p>\n<p>&nbsp;<\/p>\n","protected":false},"featured_media":1866,"comment_status":"closed","ping_status":"closed","template":"","meta":[],"product_brand":[],"product_cat":[40,41],"product_tag":[],"class_list":{"0":"post-1857","1":"product","2":"type-product","3":"status-publish","4":"has-post-thumbnail","6":"product_cat-regalos","7":"product_cat-originales","9":"first","10":"instock","11":"taxable","12":"shipping-taxable","13":"purchasable","14":"product-type-simple"},"_links":{"self":[{"href":"https:\/\/bosquefelino.org\/tienda\/index.php?rest_route=\/wp\/v2\/product\/1857","targetHints":{"allow":["GET"]}}],"collection":[{"href":"https:\/\/bosquefelino.org\/tienda\/index.php?rest_route=\/wp\/v2\/product"}],"about":[{"href":"https:\/\/bosquefelino.org\/tienda\/index.php?rest_route=\/wp\/v2\/types\/product"}],"replies":[{"embeddable":true,"href":"https:\/\/bosquefelino.org\/tienda\/index.php?rest_route=%2Fwp%2Fv2%2Fcomments&post=1857"}],"version-history":[{"count":4,"href":"https:\/\/bosquefelino.org\/tienda\/index.php?rest_route=\/wp\/v2\/product\/1857\/revisions"}],"predecessor-version":[{"id":1865,"href":"https:\/\/bosquefelino.org\/tienda\/index.php?rest_route=\/wp\/v2\/product\/1857\/revisions\/1865"}],"wp:featuredmedia":[{"embeddable":true,"href":"https:\/\/bosquefelino.org\/tienda\/index.php?rest_route=\/wp\/v2\/media\/1866"}],"wp:attachment":[{"href":"https:\/\/bosquefelino.org\/tienda\/index.php?rest_route=%2Fwp%2Fv2%2Fmedia&parent=1857"}],"wp:term":[{"taxonomy":"product_brand","embeddable":true,"href":"https:\/\/bosquefelino.org\/tienda\/index.php?rest_route=%2Fwp%2Fv2%2Fproduct_brand&post=1857"},{"taxonomy":"product_cat","embeddable":true,"href":"https:\/\/bosquefelino.org\/tienda\/index.php?rest_route=%2Fwp%2Fv2%2Fproduct_cat&post=1857"},{"taxonomy":"product_tag","embeddable":true,"href":"https:\/\/bosquefelino.org\/tienda\/index.php?rest_route=%2Fwp%2Fv2%2Fproduct_tag&post=1857"}],"curies":[{"name":"wp","href":"https:\/\/api.w.org\/{rel}","templated":true}]}}