{"id":1784,"date":"2023-02-04T23:15:41","date_gmt":"2023-02-04T22:15:41","guid":{"rendered":"https:\/\/bosquefelino.org\/tienda\/?post_type=product&#038;p=1784"},"modified":"2023-02-04T23:20:39","modified_gmt":"2023-02-04T22:20:39","slug":"el-pequeno-libro-de-bob-2","status":"publish","type":"product","link":"https:\/\/bosquefelino.org\/tienda\/?product=el-pequeno-libro-de-bob-2","title":{"rendered":"El peque\u00f1o libro de <strong>BOB<\/strong>"},"content":{"rendered":"<p>S\u00e9 que puede sonar raro o incluso un poco tonto decir esto sobre un gato, pero encuentro que Bob es muy inspirador. Es como si fuera un viejo fil\u00f3sofo que lo entendiera todo y a todos los que le rodean. Como si ya hubiese visto las cosas con anterioridad y conociera la vida de arriba abajo. Durante los \u00faltimos diez a\u00f1os o m\u00e1s, Bob ha sido para m\u00ed una especie de gur\u00fa\u00bb. James Bowen, autor del Best Seller internacional \u00abUn gato callejero llamado Bob! que en La Esfera ha vendido m\u00e1s de 50.000 ejemplares, comparte las ense\u00f1anzas y los conocimientos que ha ido adquiriendo de su leal compa\u00f1ero Bob.<\/p>\n<p>Encuadernaci\u00f3n: Carton\u00e9<\/p>\n<p>N\u00famero de p\u00e1ginas: 160<\/p>\n<p>Medidas: 13 x 20 cm<\/p>\n","protected":false},"excerpt":{"rendered":"<p><span id=\"page495R_mcid5\" class=\"markedContent\"><span dir=\"ltr\" role=\"presentation\">Lecciones de vida <\/span><\/span><span id=\"page495R_mcid6\" class=\"markedContent\"><\/span><span id=\"page495R_mcid7\" class=\"markedContent\"><span dir=\"ltr\" role=\"presentation\">de un gato callejero.<\/span><\/span><\/p>\n<p>James Bowen, autor del Best Seller internacional \u00abUn gato callejero llamado Bob!, comparte las ense\u00f1anzas y los conocimientos que ha ido adquiriendo de su leal compa\u00f1ero Bob.<\/p>\n","protected":false},"featured_media":1778,"comment_status":"closed","ping_status":"closed","template":"","meta":[],"product_brand":[],"product_cat":[26],"product_tag":[],"class_list":{"0":"post-1784","1":"product","2":"type-product","3":"status-publish","4":"has-post-thumbnail","6":"product_cat-libros","8":"first","9":"instock","10":"taxable","11":"shipping-taxable","12":"purchasable","13":"product-type-simple"},"_links":{"self":[{"href":"https:\/\/bosquefelino.org\/tienda\/index.php?rest_route=\/wp\/v2\/product\/1784","targetHints":{"allow":["GET"]}}],"collection":[{"href":"https:\/\/bosquefelino.org\/tienda\/index.php?rest_route=\/wp\/v2\/product"}],"about":[{"href":"https:\/\/bosquefelino.org\/tienda\/index.php?rest_route=\/wp\/v2\/types\/product"}],"replies":[{"embeddable":true,"href":"https:\/\/bosquefelino.org\/tienda\/index.php?rest_route=%2Fwp%2Fv2%2Fcomments&post=1784"}],"version-history":[{"count":1,"href":"https:\/\/bosquefelino.org\/tienda\/index.php?rest_route=\/wp\/v2\/product\/1784\/revisions"}],"predecessor-version":[{"id":1785,"href":"https:\/\/bosquefelino.org\/tienda\/index.php?rest_route=\/wp\/v2\/product\/1784\/revisions\/1785"}],"wp:featuredmedia":[{"embeddable":true,"href":"https:\/\/bosquefelino.org\/tienda\/index.php?rest_route=\/wp\/v2\/media\/1778"}],"wp:attachment":[{"href":"https:\/\/bosquefelino.org\/tienda\/index.php?rest_route=%2Fwp%2Fv2%2Fmedia&parent=1784"}],"wp:term":[{"taxonomy":"product_brand","embeddable":true,"href":"https:\/\/bosquefelino.org\/tienda\/index.php?rest_route=%2Fwp%2Fv2%2Fproduct_brand&post=1784"},{"taxonomy":"product_cat","embeddable":true,"href":"https:\/\/bosquefelino.org\/tienda\/index.php?rest_route=%2Fwp%2Fv2%2Fproduct_cat&post=1784"},{"taxonomy":"product_tag","embeddable":true,"href":"https:\/\/bosquefelino.org\/tienda\/index.php?rest_route=%2Fwp%2Fv2%2Fproduct_tag&post=1784"}],"curies":[{"name":"wp","href":"https:\/\/api.w.org\/{rel}","templated":true}]}}